{"id":5864,"date":"2021-03-30T09:44:18","date_gmt":"2021-03-30T07:44:18","guid":{"rendered":"https:\/\/www.climed.tn\/?post_type=product&#038;p=5864"},"modified":"2021-03-30T09:44:21","modified_gmt":"2021-03-30T07:44:21","slug":"aq-pc-software","status":"publish","type":"product","link":"https:\/\/www.climed.tn\/?product=aq-pc-software","title":{"rendered":"Si-AQ PC Software"},"content":{"rendered":"<p><span>Surveillance en continu et en temps r\u00e9el : graphiques, maximum, minimum, moyenne pour tous les param\u00e8tres de la Qualit\u00e9 d&#8217;Air Int\u00e9rieur<\/span><br \/>\n<span>Diff\u00e9rentes options d\u2019enregistrement et d\u2019impression<\/span><br \/>\n<span>Extraction des donn\u00e9es enregistr\u00e9es<\/span><br \/>\n<span>Alarmes r\u00e9glables pour tous les param\u00e8tres de la qualit\u00e9 d\u2019air et enregistrement de la dur\u00e9e pendant laquelle l\u2019alarme s\u2019est d\u00e9clench\u00e9e<\/span><br \/>\n<span>Communications Bluetooth\u00ae<\/span><br \/>\n<span>G\u00e9n\u00e9ration de graphiques et d&#8217;analyses p\u00e9riodiques pour tous les param\u00e8tres de la qualit\u00e9 d\u2019air<\/span><\/p>\n","protected":false},"excerpt":{"rendered":"<p><span>Si-AQ PC Software est le logiciel PC des appareils portable de surveillance de la Qualit\u00e9 de l\u2019Air Int\u00e9rieur\u00a0pour des analyses et des rapports de mesure\u00a0des param\u00e8tres de la QAI.<\/span><\/p>\n","protected":false},"featured_media":5865,"template":"","meta":[],"product_brand":[],"product_cat":[118],"product_tag":[],"class_list":{"0":"post-5864","1":"product","2":"type-product","3":"status-publish","4":"has-post-thumbnail","6":"product_cat-logiciels-applications","8":"first","9":"instock","10":"shipping-taxable","11":"product-type-simple"},"_links":{"self":[{"href":"https:\/\/www.climed.tn\/index.php?rest_route=\/wp\/v2\/product\/5864","targetHints":{"allow":["GET"]}}],"collection":[{"href":"https:\/\/www.climed.tn\/index.php?rest_route=\/wp\/v2\/product"}],"about":[{"href":"https:\/\/www.climed.tn\/index.php?rest_route=\/wp\/v2\/types\/product"}],"wp:featuredmedia":[{"embeddable":true,"href":"https:\/\/www.climed.tn\/index.php?rest_route=\/wp\/v2\/media\/5865"}],"wp:attachment":[{"href":"https:\/\/www.climed.tn\/index.php?rest_route=%2Fwp%2Fv2%2Fmedia&parent=5864"}],"wp:term":[{"taxonomy":"product_brand","embeddable":true,"href":"https:\/\/www.climed.tn\/index.php?rest_route=%2Fwp%2Fv2%2Fproduct_brand&post=5864"},{"taxonomy":"product_cat","embeddable":true,"href":"https:\/\/www.climed.tn\/index.php?rest_route=%2Fwp%2Fv2%2Fproduct_cat&post=5864"},{"taxonomy":"product_tag","embeddable":true,"href":"https:\/\/www.climed.tn\/index.php?rest_route=%2Fwp%2Fv2%2Fproduct_tag&post=5864"}],"curies":[{"name":"wp","href":"https:\/\/api.w.org\/{rel}","templated":true}]}}