{"id":5549,"date":"2020-10-22T14:03:04","date_gmt":"2020-10-22T12:03:04","guid":{"rendered":"https:\/\/www.climed.tn\/?post_type=product&#038;p=5549"},"modified":"2020-10-22T14:03:14","modified_gmt":"2020-10-22T12:03:14","slug":"ca%e2%80%af8500-analyseur-de-combustion-industriel-surveillance-emissions","status":"publish","type":"product","link":"https:\/\/www.climed.tn\/?product=ca%e2%80%af8500-analyseur-de-combustion-industriel-surveillance-emissions","title":{"rendered":"Si-CA\u202f8500 : Analyseur de combustion industriel &#038; Surveillance des \u00e9missions"},"content":{"rendered":"<p><span>Jusqu&#8217;\u00e0 9 cellules de gaz<\/span><br \/>\n<span>Refroidisseur thermo-\u00e9lectrique int\u00e9gr\u00e9 avec \u00e9limination automatique des condensats<\/span><br \/>\n<span>Plage automatique de dilution du CO pour les mesures jusqu&#8217;\u00e0 20 000 ppm<\/span><br \/>\n<span>Mesures des NOx basse \u00e9chelle et des &#8220;vrais&#8221; NOx<\/span><br \/>\n<span>Logiciel pour enregistrement des donn\u00e9es en temps r\u00e9el, cr\u00e9ation de graphiques et de rapports, m\u00e9moire illimit\u00e9e<\/span><br \/>\n<span>Communication Bluetooth\u00ae vers PC &amp; Imprimante<\/span><\/p>\n","protected":false},"excerpt":{"rendered":"<p>Pr\u00e9cis, fiable, robuste et rapide, l&#8217;analyseur de combustion Si-CA 8500 est l&#8217;analyseur de combustion portable le plus puissant et le plus avanc\u00e9 sur le march\u00e9.<br \/>\nAppareil portable complet pour la surveillance des niveaux d&#8217;\u00e9missions des chaudi\u00e8res, moteurs et autres \u00e9quipements de combustion, cet analyseur de combustion peut accueillir jusqu&#8217;\u00e0 9 cellules de gaz : O2, CO, NO, NO2, SO2, CO2, CxHy, CO haute \u00e9chelle, COVs et H2S.<\/p>\n","protected":false},"featured_media":5550,"template":"","meta":[],"product_brand":[],"product_cat":[135,134],"product_tag":[],"class_list":{"0":"post-5549","1":"product","2":"type-product","3":"status-publish","4":"has-post-thumbnail","6":"product_cat-analyseurs-de-combustion","7":"product_cat-combustion","9":"first","10":"instock","11":"shipping-taxable","12":"product-type-simple"},"_links":{"self":[{"href":"https:\/\/www.climed.tn\/index.php?rest_route=\/wp\/v2\/product\/5549","targetHints":{"allow":["GET"]}}],"collection":[{"href":"https:\/\/www.climed.tn\/index.php?rest_route=\/wp\/v2\/product"}],"about":[{"href":"https:\/\/www.climed.tn\/index.php?rest_route=\/wp\/v2\/types\/product"}],"wp:featuredmedia":[{"embeddable":true,"href":"https:\/\/www.climed.tn\/index.php?rest_route=\/wp\/v2\/media\/5550"}],"wp:attachment":[{"href":"https:\/\/www.climed.tn\/index.php?rest_route=%2Fwp%2Fv2%2Fmedia&parent=5549"}],"wp:term":[{"taxonomy":"product_brand","embeddable":true,"href":"https:\/\/www.climed.tn\/index.php?rest_route=%2Fwp%2Fv2%2Fproduct_brand&post=5549"},{"taxonomy":"product_cat","embeddable":true,"href":"https:\/\/www.climed.tn\/index.php?rest_route=%2Fwp%2Fv2%2Fproduct_cat&post=5549"},{"taxonomy":"product_tag","embeddable":true,"href":"https:\/\/www.climed.tn\/index.php?rest_route=%2Fwp%2Fv2%2Fproduct_tag&post=5549"}],"curies":[{"name":"wp","href":"https:\/\/api.w.org\/{rel}","templated":true}]}}