{"id":5522,"date":"2020-10-22T11:54:09","date_gmt":"2020-10-22T09:54:09","guid":{"rendered":"https:\/\/www.climed.tn\/?post_type=product&#038;p=5522"},"modified":"2020-10-22T11:54:14","modified_gmt":"2020-10-22T09:54:14","slug":"sondes-de-temperature-capteurs-classe-310","status":"publish","type":"product","link":"https:\/\/www.climed.tn\/?product=sondes-de-temperature-capteurs-classe-310","title":{"rendered":"Sondes de temp\u00e9rature : Pour capteurs classe 310"},"content":{"rendered":"","protected":false},"excerpt":{"rendered":"<p><span>La sonde de temp\u00e9rature Kimo est une sonde de temp\u00e9rature Pt100 offrant une gamme de mesure de -50 \u00e0 +180 \u00b0C.<\/span><\/p>\n","protected":false},"featured_media":5523,"template":"","meta":[],"product_brand":[],"product_cat":[120,131],"product_tag":[],"class_list":{"0":"post-5522","1":"product","2":"type-product","3":"status-publish","4":"has-post-thumbnail","6":"product_cat-capteurs","7":"product_cat-sondes-capteurs","9":"first","10":"instock","11":"shipping-taxable","12":"product-type-simple"},"_links":{"self":[{"href":"https:\/\/www.climed.tn\/index.php?rest_route=\/wp\/v2\/product\/5522","targetHints":{"allow":["GET"]}}],"collection":[{"href":"https:\/\/www.climed.tn\/index.php?rest_route=\/wp\/v2\/product"}],"about":[{"href":"https:\/\/www.climed.tn\/index.php?rest_route=\/wp\/v2\/types\/product"}],"wp:featuredmedia":[{"embeddable":true,"href":"https:\/\/www.climed.tn\/index.php?rest_route=\/wp\/v2\/media\/5523"}],"wp:attachment":[{"href":"https:\/\/www.climed.tn\/index.php?rest_route=%2Fwp%2Fv2%2Fmedia&parent=5522"}],"wp:term":[{"taxonomy":"product_brand","embeddable":true,"href":"https:\/\/www.climed.tn\/index.php?rest_route=%2Fwp%2Fv2%2Fproduct_brand&post=5522"},{"taxonomy":"product_cat","embeddable":true,"href":"https:\/\/www.climed.tn\/index.php?rest_route=%2Fwp%2Fv2%2Fproduct_cat&post=5522"},{"taxonomy":"product_tag","embeddable":true,"href":"https:\/\/www.climed.tn\/index.php?rest_route=%2Fwp%2Fv2%2Fproduct_tag&post=5522"}],"curies":[{"name":"wp","href":"https:\/\/api.w.org\/{rel}","templated":true}]}}