{"id":5445,"date":"2020-10-22T09:29:53","date_gmt":"2020-10-22T07:29:53","guid":{"rendered":"https:\/\/www.climed.tn\/?post_type=product&#038;p=5445"},"modified":"2020-10-22T09:29:59","modified_gmt":"2020-10-22T07:29:59","slug":"ctv-110-capteur-transmetteur-de-vitesse-de-temperature","status":"publish","type":"product","link":"https:\/\/www.climed.tn\/?product=ctv-110-capteur-transmetteur-de-vitesse-de-temperature","title":{"rendered":"CTV 110 : Capteur \/ transmetteur de vitesse et de temp\u00e9rature"},"content":{"rendered":"<p><span>Gamme de mesure : 0 \u00e0 30 m\/s et 0 \u00e0 +50 \u00b0C<\/span><br \/>\n<span>Sortie 0-10 V ou 4-20 mA<\/span><br \/>\n<span>Montage \u00bc tour sur platine de fixation murale<\/span><br \/>\n<span>Affichage altern\u00e9 de la vitesse d\u2019air et de la temp\u00e9rature<\/span><br \/>\n<span>Avec ou sans afficheur LCD 10 digits<\/span><br \/>\n<span>Bo\u00eetier avec syst\u00e8me de montage simplifi\u00e9<\/span><\/p>\n","protected":false},"excerpt":{"rendered":"<p><span>Le CTV 110 Kimo\u00a0mesure la vitesse d\u2019air de 0 \u00e0 30 m\/s et la temp\u00e9rature de 0 \u00e0 +50 \u00b0C.<\/span><\/p>\n","protected":false},"featured_media":5446,"template":"","meta":[],"product_brand":[],"product_cat":[120,124],"product_tag":[],"class_list":{"0":"post-5445","1":"product","2":"type-product","3":"status-publish","4":"has-post-thumbnail","6":"product_cat-capteurs","7":"product_cat-capteurs-de-vitesse","9":"first","10":"instock","11":"shipping-taxable","12":"product-type-simple"},"_links":{"self":[{"href":"https:\/\/www.climed.tn\/index.php?rest_route=\/wp\/v2\/product\/5445","targetHints":{"allow":["GET"]}}],"collection":[{"href":"https:\/\/www.climed.tn\/index.php?rest_route=\/wp\/v2\/product"}],"about":[{"href":"https:\/\/www.climed.tn\/index.php?rest_route=\/wp\/v2\/types\/product"}],"wp:featuredmedia":[{"embeddable":true,"href":"https:\/\/www.climed.tn\/index.php?rest_route=\/wp\/v2\/media\/5446"}],"wp:attachment":[{"href":"https:\/\/www.climed.tn\/index.php?rest_route=%2Fwp%2Fv2%2Fmedia&parent=5445"}],"wp:term":[{"taxonomy":"product_brand","embeddable":true,"href":"https:\/\/www.climed.tn\/index.php?rest_route=%2Fwp%2Fv2%2Fproduct_brand&post=5445"},{"taxonomy":"product_cat","embeddable":true,"href":"https:\/\/www.climed.tn\/index.php?rest_route=%2Fwp%2Fv2%2Fproduct_cat&post=5445"},{"taxonomy":"product_tag","embeddable":true,"href":"https:\/\/www.climed.tn\/index.php?rest_route=%2Fwp%2Fv2%2Fproduct_tag&post=5445"}],"curies":[{"name":"wp","href":"https:\/\/api.w.org\/{rel}","templated":true}]}}