{"id":5422,"date":"2020-10-21T17:13:49","date_gmt":"2020-10-21T15:13:49","guid":{"rendered":"https:\/\/www.climed.tn\/?post_type=product&#038;p=5422"},"modified":"2020-10-21T17:13:52","modified_gmt":"2020-10-21T15:13:52","slug":"hm-110-capteur-transmetteur-dhumidite","status":"publish","type":"product","link":"https:\/\/www.climed.tn\/?product=hm-110-capteur-transmetteur-dhumidite","title":{"rendered":"HM 110 : Capteur \/ transmetteur d&#8217;humidit\u00e9"},"content":{"rendered":"<p><span>Gamme de mesure : 5 \u00e0 95 %HR<\/span><br \/>\n<span>Configuration par logiciel ou par DIP switch<\/span><br \/>\n<span>Bo\u00eetier avec syst\u00e8me de montage simplifi\u00e9<\/span><br \/>\n<span>Sortie 0-10 V ou 4-20 mA<\/span><br \/>\n<span>Montage \u00bc tour sur platine de fixation murale<\/span><\/p>\n","protected":false},"excerpt":{"rendered":"<p><span>Le HM 110 Kimo est un capteur d\u2019humidit\u00e9 qui g\u00e8re une gamme de mesure de 5 \u00e0 95 %HR.<\/span><\/p>\n","protected":false},"featured_media":5424,"template":"","meta":[],"product_brand":[],"product_cat":[120,123],"product_tag":[],"class_list":{"0":"post-5422","1":"product","2":"type-product","3":"status-publish","4":"has-post-thumbnail","6":"product_cat-capteurs","7":"product_cat-capteurs-dhumidite","9":"first","10":"instock","11":"shipping-taxable","12":"product-type-simple"},"_links":{"self":[{"href":"https:\/\/www.climed.tn\/index.php?rest_route=\/wp\/v2\/product\/5422","targetHints":{"allow":["GET"]}}],"collection":[{"href":"https:\/\/www.climed.tn\/index.php?rest_route=\/wp\/v2\/product"}],"about":[{"href":"https:\/\/www.climed.tn\/index.php?rest_route=\/wp\/v2\/types\/product"}],"wp:featuredmedia":[{"embeddable":true,"href":"https:\/\/www.climed.tn\/index.php?rest_route=\/wp\/v2\/media\/5424"}],"wp:attachment":[{"href":"https:\/\/www.climed.tn\/index.php?rest_route=%2Fwp%2Fv2%2Fmedia&parent=5422"}],"wp:term":[{"taxonomy":"product_brand","embeddable":true,"href":"https:\/\/www.climed.tn\/index.php?rest_route=%2Fwp%2Fv2%2Fproduct_brand&post=5422"},{"taxonomy":"product_cat","embeddable":true,"href":"https:\/\/www.climed.tn\/index.php?rest_route=%2Fwp%2Fv2%2Fproduct_cat&post=5422"},{"taxonomy":"product_tag","embeddable":true,"href":"https:\/\/www.climed.tn\/index.php?rest_route=%2Fwp%2Fv2%2Fproduct_tag&post=5422"}],"curies":[{"name":"wp","href":"https:\/\/api.w.org\/{rel}","templated":true}]}}