{"id":5416,"date":"2020-10-21T17:09:46","date_gmt":"2020-10-21T15:09:46","guid":{"rendered":"https:\/\/www.climed.tn\/?post_type=product&#038;p=5416"},"modified":"2020-10-21T17:09:49","modified_gmt":"2020-10-21T15:09:49","slug":"th-110-capteur-transmetteur-dhumidite-de-temperature","status":"publish","type":"product","link":"https:\/\/www.climed.tn\/?product=th-110-capteur-transmetteur-dhumidite-de-temperature","title":{"rendered":"TH 110 : Capteur \/ transmetteur d&#8217;humidit\u00e9 et de temp\u00e9rature"},"content":{"rendered":"<p><span>Gamme de mesure : 5 \u00e0 95 %HR et 0 \u00e0 +50 \u00b0C (mod\u00e8le ambiant), ou -20 \u00e0 +80 \u00b0C (mod\u00e8le arri\u00e8re ou d\u00e9port\u00e9)<\/span><br \/>\n<span>Avec ou sans afficheur LCD 10 digits<\/span><br \/>\n<span>Configuration par logiciel ou par DIP switch<\/span><br \/>\n<span>Sortie 0-10 V ou 4-20 mA<\/span><br \/>\n<span>Bo\u00eetier avec syst\u00e8me de montage simplifi\u00e9<\/span><br \/>\n<span>Montage rapide et facile par syst\u00e8me \u00bc tour sur platine de fixation murale<\/span><\/p>\n","protected":false},"excerpt":{"rendered":"<p><span>Le TH 110 Kimo\u00a0mesure l\u2019humidit\u00e9 de 5 \u00e0 95 %HR et la temp\u00e9rature de 0 \u00e0 +50 \u00b0C.<\/span><\/p>\n","protected":false},"featured_media":5417,"template":"","meta":[],"product_brand":[],"product_cat":[120,123],"product_tag":[],"class_list":{"0":"post-5416","1":"product","2":"type-product","3":"status-publish","4":"has-post-thumbnail","6":"product_cat-capteurs","7":"product_cat-capteurs-dhumidite","9":"first","10":"instock","11":"shipping-taxable","12":"product-type-simple"},"_links":{"self":[{"href":"https:\/\/www.climed.tn\/index.php?rest_route=\/wp\/v2\/product\/5416","targetHints":{"allow":["GET"]}}],"collection":[{"href":"https:\/\/www.climed.tn\/index.php?rest_route=\/wp\/v2\/product"}],"about":[{"href":"https:\/\/www.climed.tn\/index.php?rest_route=\/wp\/v2\/types\/product"}],"wp:featuredmedia":[{"embeddable":true,"href":"https:\/\/www.climed.tn\/index.php?rest_route=\/wp\/v2\/media\/5417"}],"wp:attachment":[{"href":"https:\/\/www.climed.tn\/index.php?rest_route=%2Fwp%2Fv2%2Fmedia&parent=5416"}],"wp:term":[{"taxonomy":"product_brand","embeddable":true,"href":"https:\/\/www.climed.tn\/index.php?rest_route=%2Fwp%2Fv2%2Fproduct_brand&post=5416"},{"taxonomy":"product_cat","embeddable":true,"href":"https:\/\/www.climed.tn\/index.php?rest_route=%2Fwp%2Fv2%2Fproduct_cat&post=5416"},{"taxonomy":"product_tag","embeddable":true,"href":"https:\/\/www.climed.tn\/index.php?rest_route=%2Fwp%2Fv2%2Fproduct_tag&post=5416"}],"curies":[{"name":"wp","href":"https:\/\/api.w.org\/{rel}","templated":true}]}}