{"id":5411,"date":"2020-10-21T17:04:49","date_gmt":"2020-10-21T15:04:49","guid":{"rendered":"https:\/\/www.climed.tn\/?post_type=product&#038;p=5411"},"modified":"2020-10-21T17:04:58","modified_gmt":"2020-10-21T15:04:58","slug":"th-210-r-capteur-dhumidite-de-temperature","status":"publish","type":"product","link":"https:\/\/www.climed.tn\/?product=th-210-r-capteur-dhumidite-de-temperature","title":{"rendered":"TH 210-R : Capteur d&#8217;humidit\u00e9 et de temp\u00e9rature"},"content":{"rendered":"<p><span>Sonde en inox ou en polycarbonate<\/span><br \/>\n<span>Sortie 0-5\/10 V ou 0\/4-20 mA<\/span><br \/>\n<span>Deux sorties relais<\/span><br \/>\n<span>Avec ou sans afficheur LCD 19 digits 2 lignes<\/span><br \/>\n<span>Indicateur de tendance<\/span><br \/>\n<span>Montage rapide et facile par syst\u00e8me \u00bc tour sur platine de fixation murale<\/span><\/p>\n","protected":false},"excerpt":{"rendered":"<p><span>Le TH 210-R Kimo\u00a0mesure l\u2019humidit\u00e9 et la temp\u00e9rature de 0 \u00e0 100 %HR et -20 \u00e0 +80 \u00b0C (mod\u00e8le ambiant), -20 \u00e0 +80 \u00b0C (sonde d\u00e9port\u00e9e PC), et -40 \u00e0 +180 \u00b0C (sonde d\u00e9port\u00e9e inox).<\/span><\/p>\n","protected":false},"featured_media":5412,"template":"","meta":[],"product_brand":[],"product_cat":[120,123],"product_tag":[],"class_list":{"0":"post-5411","1":"product","2":"type-product","3":"status-publish","4":"has-post-thumbnail","6":"product_cat-capteurs","7":"product_cat-capteurs-dhumidite","9":"first","10":"instock","11":"shipping-taxable","12":"product-type-simple"},"_links":{"self":[{"href":"https:\/\/www.climed.tn\/index.php?rest_route=\/wp\/v2\/product\/5411","targetHints":{"allow":["GET"]}}],"collection":[{"href":"https:\/\/www.climed.tn\/index.php?rest_route=\/wp\/v2\/product"}],"about":[{"href":"https:\/\/www.climed.tn\/index.php?rest_route=\/wp\/v2\/types\/product"}],"wp:featuredmedia":[{"embeddable":true,"href":"https:\/\/www.climed.tn\/index.php?rest_route=\/wp\/v2\/media\/5412"}],"wp:attachment":[{"href":"https:\/\/www.climed.tn\/index.php?rest_route=%2Fwp%2Fv2%2Fmedia&parent=5411"}],"wp:term":[{"taxonomy":"product_brand","embeddable":true,"href":"https:\/\/www.climed.tn\/index.php?rest_route=%2Fwp%2Fv2%2Fproduct_brand&post=5411"},{"taxonomy":"product_cat","embeddable":true,"href":"https:\/\/www.climed.tn\/index.php?rest_route=%2Fwp%2Fv2%2Fproduct_cat&post=5411"},{"taxonomy":"product_tag","embeddable":true,"href":"https:\/\/www.climed.tn\/index.php?rest_route=%2Fwp%2Fv2%2Fproduct_tag&post=5411"}],"curies":[{"name":"wp","href":"https:\/\/api.w.org\/{rel}","templated":true}]}}