{"id":5370,"date":"2020-10-21T15:00:38","date_gmt":"2020-10-21T13:00:38","guid":{"rendered":"https:\/\/www.climed.tn\/?post_type=product&#038;p=5370"},"modified":"2020-10-21T15:00:43","modified_gmt":"2020-10-21T13:00:43","slug":"pst-pressostat","status":"publish","type":"product","link":"https:\/\/www.climed.tn\/?product=pst-pressostat","title":{"rendered":"PST : Pressostat"},"content":{"rendered":"<p><span>Gammes de mesure : PST 11 : -100 \u00e0 +100 Pa avec EV, PST 12 : -1000 \u00e0 +1000 Pa, PST 13 : -10 000 \u00e0 +10 000 Pa, PST 14 : -500 \u00e0 +500 mbar, et PST 15 : -2000 \u00e0 +2000 mbar<\/span><br \/>\n<span>Un relais inverseur 3A\/230 Vac<\/span><br \/>\n<span>Configuration par logiciel ou par DIP switch<\/span><br \/>\n<span>Afficheur LCD 10 digits<\/span><br \/>\n<span>LED rouge en fa\u00e7ade<\/span><br \/>\n<span>Montage rapide et facile par syst\u00e8me \u00bc tour sur platine de fixation murale<\/span><\/p>\n","protected":false},"excerpt":{"rendered":"<p>Un manostat est un manom\u00e8tre qui int\u00e8gre dans son bo\u00eetier un interrupteur. \u00c0 un niveau de pression donn\u00e9, l\u2019interrupteur active un contact \u00e9lectrique qui stoppe la machine sur laquelle le manostat est branch\u00e9.<br \/>\nLe PST Kimo est utilis\u00e9 pour contr\u00f4ler la pression.<\/p>\n","protected":false},"featured_media":5371,"template":"","meta":[],"product_brand":[],"product_cat":[120,121],"product_tag":[],"class_list":{"0":"post-5370","1":"product","2":"type-product","3":"status-publish","4":"has-post-thumbnail","6":"product_cat-capteurs","7":"product_cat-capteurs-de-pression","9":"first","10":"instock","11":"shipping-taxable","12":"product-type-simple"},"_links":{"self":[{"href":"https:\/\/www.climed.tn\/index.php?rest_route=\/wp\/v2\/product\/5370","targetHints":{"allow":["GET"]}}],"collection":[{"href":"https:\/\/www.climed.tn\/index.php?rest_route=\/wp\/v2\/product"}],"about":[{"href":"https:\/\/www.climed.tn\/index.php?rest_route=\/wp\/v2\/types\/product"}],"wp:featuredmedia":[{"embeddable":true,"href":"https:\/\/www.climed.tn\/index.php?rest_route=\/wp\/v2\/media\/5371"}],"wp:attachment":[{"href":"https:\/\/www.climed.tn\/index.php?rest_route=%2Fwp%2Fv2%2Fmedia&parent=5370"}],"wp:term":[{"taxonomy":"product_brand","embeddable":true,"href":"https:\/\/www.climed.tn\/index.php?rest_route=%2Fwp%2Fv2%2Fproduct_brand&post=5370"},{"taxonomy":"product_cat","embeddable":true,"href":"https:\/\/www.climed.tn\/index.php?rest_route=%2Fwp%2Fv2%2Fproduct_cat&post=5370"},{"taxonomy":"product_tag","embeddable":true,"href":"https:\/\/www.climed.tn\/index.php?rest_route=%2Fwp%2Fv2%2Fproduct_tag&post=5370"}],"curies":[{"name":"wp","href":"https:\/\/api.w.org\/{rel}","templated":true}]}}