{"id":5128,"date":"2020-10-20T14:37:17","date_gmt":"2020-10-20T12:37:17","guid":{"rendered":"https:\/\/www.climed.tn\/?post_type=product&#038;p=5128"},"modified":"2020-10-20T14:37:33","modified_gmt":"2020-10-20T12:37:33","slug":"vt-210-thermo-hygrometre-anemometre","status":"publish","type":"product","link":"https:\/\/www.climed.tn\/?product=vt-210-thermo-hygrometre-anemometre","title":{"rendered":"VT 210 : Thermo-hygrom\u00e8tre-an\u00e9mom\u00e8tre"},"content":{"rendered":"<p><span>Mesure de la temp\u00e9rature, de l\u2019hygrom\u00e9trie et de la vitesse d\u2019air (selon mod\u00e8les)<\/span><br \/>\n<span>Deux entr\u00e9es pour temp\u00e9rature Pt100 (de -200 \u00e0 +600 \u00b0C)<\/span><br \/>\n<span>Liaison sans fil appareil\/sonde<\/span><br \/>\n<span>Modules interchangeables<\/span><br \/>\n<span>Jusqu\u2019\u00e0 six mesures en simultan\u00e9<\/span><br \/>\n<span>Certificat d\u2019\u00e9talonnage<\/span><\/p>\n","protected":false},"excerpt":{"rendered":"<p><span>Sp\u00e9cialement con\u00e7u pour le contr\u00f4le des syst\u00e8mes de ventilation, le VT 210 permet de mesurer la vitesse et le d\u00e9bit d\u2019air, ainsi que la temp\u00e9rature dans les conduits.<\/span><\/p>\n","protected":false},"featured_media":5129,"template":"","meta":[],"product_brand":[],"product_cat":[117],"product_tag":[],"class_list":{"0":"post-5128","1":"product","2":"type-product","3":"status-publish","4":"has-post-thumbnail","6":"product_cat-multifonctions","8":"first","9":"instock","10":"shipping-taxable","11":"product-type-simple"},"_links":{"self":[{"href":"https:\/\/www.climed.tn\/index.php?rest_route=\/wp\/v2\/product\/5128","targetHints":{"allow":["GET"]}}],"collection":[{"href":"https:\/\/www.climed.tn\/index.php?rest_route=\/wp\/v2\/product"}],"about":[{"href":"https:\/\/www.climed.tn\/index.php?rest_route=\/wp\/v2\/types\/product"}],"wp:featuredmedia":[{"embeddable":true,"href":"https:\/\/www.climed.tn\/index.php?rest_route=\/wp\/v2\/media\/5129"}],"wp:attachment":[{"href":"https:\/\/www.climed.tn\/index.php?rest_route=%2Fwp%2Fv2%2Fmedia&parent=5128"}],"wp:term":[{"taxonomy":"product_brand","embeddable":true,"href":"https:\/\/www.climed.tn\/index.php?rest_route=%2Fwp%2Fv2%2Fproduct_brand&post=5128"},{"taxonomy":"product_cat","embeddable":true,"href":"https:\/\/www.climed.tn\/index.php?rest_route=%2Fwp%2Fv2%2Fproduct_cat&post=5128"},{"taxonomy":"product_tag","embeddable":true,"href":"https:\/\/www.climed.tn\/index.php?rest_route=%2Fwp%2Fv2%2Fproduct_tag&post=5128"}],"curies":[{"name":"wp","href":"https:\/\/api.w.org\/{rel}","templated":true}]}}