{"id":4943,"date":"2020-10-19T13:57:58","date_gmt":"2020-10-19T11:57:58","guid":{"rendered":"https:\/\/www.climed.tn\/?post_type=product&#038;p=4943"},"modified":"2020-10-19T14:53:45","modified_gmt":"2020-10-19T12:53:45","slug":"vt-110-vt-115-thermo-anemometre-a-fil-chaud","status":"publish","type":"product","link":"https:\/\/www.climed.tn\/?product=vt-110-vt-115-thermo-anemometre-a-fil-chaud","title":{"rendered":"VT 110 \/ VT 115 : Thermo-an\u00e9mom\u00e8tre \u00e0 fil chaud"},"content":{"rendered":"<p><span>Gamme de mesure : vitesse d\u2019air : 0,15 \u00e0 30 m\/s, temp\u00e9rature : 0 \u00e0 +50 \u00b0C, et d\u00e9bit : 0 \u00e0 99 999 m3\/h<\/span><br \/>\n<span>Moyenne automatique<\/span><br \/>\n<span>Choix des unit\u00e9s<\/span><br \/>\n<span>Simple d\u2019utilisation et r\u00e9tro-\u00e9clairage r\u00e9glable<\/span><br \/>\n<span>Fonction Hold et valeurs min-max<\/span><br \/>\n<span>Calcul de d\u00e9bit<\/span><\/p>\n","protected":false},"excerpt":{"rendered":"<p><span>Le VT 110 \/ 115 Kimo est id\u00e9al pour mesurer le d\u00e9bit, la temp\u00e9rature et la vitesse d\u2019air, via une sonde \u00e0 fil chaud.<\/span><\/p>\n","protected":false},"featured_media":4945,"template":"","meta":[],"product_brand":[],"product_cat":[79],"product_tag":[],"class_list":{"0":"post-4943","1":"product","2":"type-product","3":"status-publish","4":"has-post-thumbnail","6":"product_cat-anemometres","8":"first","9":"instock","10":"shipping-taxable","11":"product-type-simple"},"_links":{"self":[{"href":"https:\/\/www.climed.tn\/index.php?rest_route=\/wp\/v2\/product\/4943","targetHints":{"allow":["GET"]}}],"collection":[{"href":"https:\/\/www.climed.tn\/index.php?rest_route=\/wp\/v2\/product"}],"about":[{"href":"https:\/\/www.climed.tn\/index.php?rest_route=\/wp\/v2\/types\/product"}],"wp:featuredmedia":[{"embeddable":true,"href":"https:\/\/www.climed.tn\/index.php?rest_route=\/wp\/v2\/media\/4945"}],"wp:attachment":[{"href":"https:\/\/www.climed.tn\/index.php?rest_route=%2Fwp%2Fv2%2Fmedia&parent=4943"}],"wp:term":[{"taxonomy":"product_brand","embeddable":true,"href":"https:\/\/www.climed.tn\/index.php?rest_route=%2Fwp%2Fv2%2Fproduct_brand&post=4943"},{"taxonomy":"product_cat","embeddable":true,"href":"https:\/\/www.climed.tn\/index.php?rest_route=%2Fwp%2Fv2%2Fproduct_cat&post=4943"},{"taxonomy":"product_tag","embeddable":true,"href":"https:\/\/www.climed.tn\/index.php?rest_route=%2Fwp%2Fv2%2Fproduct_tag&post=4943"}],"curies":[{"name":"wp","href":"https:\/\/api.w.org\/{rel}","templated":true}]}}