{"id":4766,"date":"2019-03-19T15:42:40","date_gmt":"2019-03-19T14:42:40","guid":{"rendered":"http:\/\/climed.novatis.org\/?post_type=product&#038;p=4766"},"modified":"2019-04-03T15:49:45","modified_gmt":"2019-04-03T13:49:45","slug":"kh-220-temperature-hygrometrie-courant-tension-impulsion-pression-deau-lumiere","status":"publish","type":"product","link":"https:\/\/www.climed.tn\/?product=kh-220-temperature-hygrometrie-courant-tension-impulsion-pression-deau-lumiere","title":{"rendered":"KH 220 : Temp\u00e9rature \/ Hygrom\u00e9trie \/ Courant \/ Tension \/ Impulsion \/ Pression d&#8217;eau \/ Lumi\u00e8re"},"content":{"rendered":"<p>Logiciel de base t\u00e9l\u00e9chargeable gratuitement<br \/>\n2 seuils d&#8217;alarme programmables<br \/>\nGrande capacit\u00e9 m\u00e9moire de 1 million de points<br \/>\nEntr\u00e9e pour 1 sonde universelle<br \/>\nBo\u00eetier aimant\u00e9 pour une fixation magn\u00e9tique simple et rapide<br \/>\nMode Surveillance permettant d\u2019obtenir un historique d\u00e9taill\u00e9 des d\u00e9fauts constat\u00e9s<\/p>\n","protected":false},"excerpt":{"rendered":"<p>Un enregistreur autonome est un appareil \u00e9lectronique qui enregistre des donn\u00e9es dans la dur\u00e9e. Ce type d\u2019instrument est tr\u00e8s utilis\u00e9 dans l\u2019agroalimentaire, l\u2019industrie et les laboratoires pharmaceutiques, afin de surveiller de multiples param\u00e8tres. Con\u00e7u pour s\u2019adapter \u00e0 de nombreuses applications, l\u2019enregistreur autonome multifonction KH 220 r\u00e9pond parfaitement \u00e0 vos besoins si vous devez enregistrer simultan\u00e9ment jusqu\u2019\u00e0 cinq param\u00e8tres.<\/p>\n","protected":false},"featured_media":4767,"template":"","meta":[],"product_brand":[],"product_cat":[74],"product_tag":[],"class_list":{"0":"post-4766","1":"product","2":"type-product","3":"status-publish","4":"has-post-thumbnail","6":"product_cat-enregistreurs","8":"first","9":"instock","10":"shipping-taxable","11":"product-type-simple"},"_links":{"self":[{"href":"https:\/\/www.climed.tn\/index.php?rest_route=\/wp\/v2\/product\/4766","targetHints":{"allow":["GET"]}}],"collection":[{"href":"https:\/\/www.climed.tn\/index.php?rest_route=\/wp\/v2\/product"}],"about":[{"href":"https:\/\/www.climed.tn\/index.php?rest_route=\/wp\/v2\/types\/product"}],"wp:featuredmedia":[{"embeddable":true,"href":"https:\/\/www.climed.tn\/index.php?rest_route=\/wp\/v2\/media\/4767"}],"wp:attachment":[{"href":"https:\/\/www.climed.tn\/index.php?rest_route=%2Fwp%2Fv2%2Fmedia&parent=4766"}],"wp:term":[{"taxonomy":"product_brand","embeddable":true,"href":"https:\/\/www.climed.tn\/index.php?rest_route=%2Fwp%2Fv2%2Fproduct_brand&post=4766"},{"taxonomy":"product_cat","embeddable":true,"href":"https:\/\/www.climed.tn\/index.php?rest_route=%2Fwp%2Fv2%2Fproduct_cat&post=4766"},{"taxonomy":"product_tag","embeddable":true,"href":"https:\/\/www.climed.tn\/index.php?rest_route=%2Fwp%2Fv2%2Fproduct_tag&post=4766"}],"curies":[{"name":"wp","href":"https:\/\/api.w.org\/{rel}","templated":true}]}}